units digit of i?
1
Let l = -44 - -65. Suppose -2*j + 3 = -j, 0 = -4*v + 5*j + l. Suppose -51 = -v*a + 8*a. What is the tens digit of a?
5
Suppose 674 = 3*i - 5*q, 39*i - 41*i + 444 = -2*q. What is the units digit of i?
8
Let s = 11 - 11. Suppose 2*q - 30 - 56 = s. What is the units digit of q?
3
Let n = 14 - 11. Suppose -2*h = 0, -2*v + 4 = -n*h - 4. What is the units digit of v?
4
Suppose 0 = 15*h - 37*h + 2860. What is the units digit of h?
0
Let f = 54 - 54. Suppose 6*q - 6 = -f*q. What is the units digit of q?
1
Let i(a) = -a**3 + 4*a**2 + 8*a - 13. What is the thousands digit of i(-11)?
1
Suppose -799 = -6*a + 623. What is the units digit of a?
7
Suppose 2*j - 2 = -4*w, 4*w = -w - 4*j - 5. Suppose -213 = -w*u + 12. Suppose -3*d + 3*t = -u, -3*d + 37 = -2*d - 5*t. What is the tens digit of d?
2
Let u be (-6)/27 - (-40)/18. Let k be 16/48 + 70/6. Suppose -w + 4 = s + 3*w, -s - u*w + k = 0. What is the units digit of s?
0
Let u(o) = 148*o**2 + 3*o + 2. Let h be u(-1). Let j = h + -95. What is the units digit of j?
2
Suppose -4*y = -2*o - 26, 5*o + 33 = 2*y - 0*o. Suppose -4*w = k - 230, -3*w - y*k + 50 = -2*w. What is the units digit of w?
8
Suppose 68*s = 80*s - 29328. What is the hundreds digit of s?
4
Let p be ((-140)/(-4))/(-5) + -3. Let k(d) = -25*d + 32. What is the hundreds digit of k(p)?
2
Let x = 7 + -18. Let w(k) = k**3 + 11*k**2 - 9*k - 5. What is the tens digit of w(x)?
9
Suppose -4*r + 2*a + 32 = 0, -4*a - 9 + 35 = 2*r. Let y = r - 5. Suppose 2*z + y*u - 5 = 5, -5*z + 4*u - 3 = 0. What is the units digit of z?
1
Let y = 9840 - 6398. What is the hundreds digit of y?
4
Suppose 2*f + 2*f + 432 = -4*i, 5*i = -5. What is the tens digit of 0*1/2 - (f - -21)?
8
Suppose 4*q + 3*f - 512 = 0, 4*f + f + 230 = 2*q. What is the units digit of 3/(-9) - q/(-15)?
8
Suppose 63550 = 11*w + 14*w. What is the thousands digit of w?
2
Let x(g) = 99*g - 84. What is the tens digit of x(6)?
1
Let m(b) = -4*b + 76. Suppose 59 = -2*c + p, c + 115 = -4*c - 4*p. What is the hundreds digit of m(c)?
1
Suppose -2*i + 4*d - 16 = 28, -4*i - 3*d = 33. What is the hundreds digit of (-3 - 258/i)/(2/12)?
1
Let d be (10/(-15) + 4)/(2/(-54)). Let s = d + 177. What is the units digit of s?
7
Let k(t) = -2*t - 4. Let p be k(-10). Suppose p*h - 12*h = 208. What is the tens digit of h?
5
Suppose -3*h + 4*c = 10 - 37, 2*h + 3*c - 18 = 0. Let r = h + -6. Let b = 19 - r. What is the tens digit of b?
1
Let h be 0 + 4 + 3/(-3). Let v be 5/(h/(-15)*-1). Suppose 0 = z - 38 - v. What is the units digit of z?
3
Suppose -3*v - 5*q - 20 = -8*v, 5*v - 3*q = 12. Suppose v*f - 5*x = -3*f + 80, 0 = 3*f + 3*x - 120. What is the units digit of f?
5
Let x(w) = -24 - 4*w + w - 7*w + 5*w. What is the tens digit of x(-12)?
3
Suppose 5*d - 23 = 4*s, 4*d - 3*s = 27 - 8. Let u(t) = 2*t - 12. Let v be u(d). What is the tens digit of -86*(-1)/v - -3?
4
Let c = 626 - 588. Suppose 25 = 5*j - 20. Let f = c - j. What is the tens digit of f?
2
Let u = -3 + 17. Suppose 7 = 8*i + 7. Let c = u + i. What is the units digit of c?
4
Let n be (5 + (-64)/12)/((-1)/3). What is the units digit of (1 + n)/(8/172)?
3
Let c(l) = 3*l**2 - 6*l. Let u be c(4). Let i = u + 27. What is the units digit of i?
1
Let o = 5114 - 2485. What is the thousands digit of o?
2
Let y(a) = a**3 + 8*a**2 - 9*a - 4. Suppose 2*h - 48 = 8*h. What is the units digit of y(h)?
8
Let v be 1 - (4 - -9 - 3). What is the units digit of (-2)/v - 17448/(-216)?
1
Let r = -928 - -1374. What is the tens digit of r?
4
Suppose -t + h - 2437 = -6*t, 0 = -2*t - 4*h + 964. What is the hundreds digit of t?
4
Suppose -6*u + 1322 + 2500 = 0. What is the tens digit of u?
3
Let c(h) = -h**3 + 5*h**2 - 2*h + 4. Let n be c(3). Let a = 20 - n. Suppose -2 = -a*f + 122. What is the tens digit of f?
3
Let z = 109 + 1488. What is the hundreds digit of z?
5
Let t(x) = -460*x - 656. What is the tens digit of t(-5)?
4
Let h = 32 + -34. What is the units digit of (-7)/((-4)/(-80)*h)?
0
Let u(z) = 3*z**2 - 25*z + 19. Let q(n) = 6*n**2 - 51*n + 38. Let x(f) = -6*q(f) + 13*u(f). What is the units digit of x(9)?
1
Let l be (9 + -7)*(-29)/2. Let i = l + 47. What is the units digit of 243/i*(-8)/(-3)?
6
Suppose 25*d = 31*d - 1104. What is the units digit of d?
4
Let x(r) be the second derivative of -r**4/12 - 2*r**3 - 3*r**2 + r. Let u be x(-12). What is the units digit of (-8)/6*63/u?
4
Let q(j) = 1358*j**3 - 7*j + 6. What is the hundreds digit of q(1)?
3
Let l be -2 + (48/15)/(1/85). Suppose -q - 9*q + l = 0. What is the units digit of q?
7
Suppose -4*z + 2*z + 32 = -u, -53 = -3*z + 4*u. What is the units digit of z?
5
Suppose -v = 2, 3*v + 2*v = n - 3. Let d = 54 - n. What is the tens digit of d?
6
Let r = 63 - 32. Let n be r/(-2) + (-5)/10. Let t = 40 + n. What is the units digit of t?
4
Let p(d) = -d + 8. Let c be p(8). Suppose c = -w - 4*w + 30. Let i = 8 - w. What is the units digit of i?
2
What is the units digit of 78/65 - (-1158)/10 - -4?
1
Suppose 5*j = -4*a - 34, -2*a + a + 44 = -4*j. Let o be (12/j)/(3/(-10)). Suppose 0*f = 2*f - o. What is the units digit of f?
2
Suppose 685 = 3*x - 5*g, -2*x + 3*g = -7*x + 1119. Suppose 4*r - x - 210 = -5*y, 2*y - 197 = 3*r. What is the tens digit of y?
9
Let m(n) = -n**3 - 10*n**2 + 14*n + 12. Let g be m(-11). Let i = 21 + g. Suppose i = -q + 22 + 24. What is the units digit of q?
6
Let s(v) = v**3 + v**2 + 5*v + 10. Let q(i) = -6*i**3 - 6*i**2 - 25*i - 49. Let x(f) = 2*q(f) + 11*s(f). What is the tens digit of x(-5)?
8
Suppose 14*a - 2299 = 11*a + 4*b, -2*a - 2*b = -1542. What is the units digit of a?
9
Let h(n) = -7*n**2 + n - 13. Let j(w) = -6*w**2 - 13. Let z(u) = 4*h(u) - 5*j(u). Suppose -82*b = -97*b - 60. What is the tens digit of z(b)?
2
Let g(r) be the second derivative of 19*r**3/3 - 3*r**2/2 + 7*r. What is the tens digit of g(1)?
3
Let i(m) be the third derivative of -m**5/40 - m**4/24 - m**3/3 - 10*m**2. Let s(u) be the first derivative of i(u). What is the units digit of s(-4)?
1
Let f be 7*(-3 - 23/(-7)). Suppose -5*q - 2*z = 3*z - 120, f*z + 52 = 3*q. What is the tens digit of q?
2
What is the units digit of (-3721)/(-6) + 75/(-450)?
0
Suppose -5*a + 5 = -5. Suppose 0 = -2*u + 3*o + 24, -5*u + a*o + 60 = -0*u. Suppose u = -z - 3*z, -2*z = 5*q - 84. What is the tens digit of q?
1
Let x = 80 - 172. Let a = x - -172. What is the units digit of a?
0
Let i = 16 + -19. Suppose 4*x = -4 + 44. Let n = x + i. What is the units digit of n?
7
Let w = -16 + 18. Suppose 0 = f - 5*r + 25, 0 = 2*r + w*r - 8. Let p = 29 + f. What is the units digit of p?
4
Let s be (0 - 3) + -1 + 9. Suppose -3*l = -s*q + 43, 5*l + 0 = 2*q - 2. What is the units digit of q?
1
Let c = 15 - 17. Let y(o) = -12*o - 3. Let i be y(c). What is the units digit of 7/i - 118/(-6)?
0
Let x(z) = -4*z**2 + 27*z - 33. Let u be x(5). Suppose -2*s + 144 = 2*s. Suppose -u*b - 2*n = n - 28, 4*b + n - s = 0. What is the units digit of b?
8
What is the units digit of (-3912)/6*(-2)/4?
6
Suppose 12*b + 380 = 8*b. Let i = b - -202. What is the units digit of i?
7
Let p(q) be the first derivative of q**4/4 + 11*q**3/3 - 5*q**2 + q + 11. What is the tens digit of p(-11)?
1
Suppose 4*d = 13*d. Let p be -2*19*(-2)/4. Suppose d = -4*k + p + 13. What is the units digit of k?
8
Let t = 472 - 227. Suppose t - 85 = v. Suppose 0 = -2*h + 7*h - v. What is the units digit of h?
2
Let g(h) = h**2 + 13*h - 35. What is the tens digit of g(13)?
0
Let k be 2/(-4) - (-63)/(-6). Let a = -9 - k. Suppose -4*d + 96 = 4*l, a*d - 120 = -4*l + 6*d. What is the tens digit of l?
2
Suppose -2 - 19 = -3*u. Suppose -2*g = -3*h + 175, -u*h = -5*h + g - 126. What is the units digit of h?
1
Suppose -6*m = -m + 20. What is the units digit of 2/(-1)*2/m?
1
Let t be 6/2*7/(-21). What is the tens digit of ((-30)/t*-1)/(-2)?
1
Let i(l) be the third derivative of l**5/30 - 7*l**4/24 - 8*l**3/3 + l**2 - 13*l. Suppose q = -3*q + 32. What is the units digit of i(q)?
6
Let w(h) = h**3 - 4*h**2 + 4*h - 2. Let g be w(2). Let a(z) = -5*z**2 + 3*z + 5. Let l be a(g). What is the units digit of (l/4)/((-3)/8)?
4
Suppose -3*f - 3*n + 7 = -4*n, -3*n - 1 = f. What is the units digit of 181*(-4)/(-8)*f?
1
Let q = 94 + 215. Suppose 4*c = o + q, 5*o + 3 = -2. What is the units digit of c?
7
Let j = -2813 + 4755. W